{"id":3836,"date":"2019-11-11T17:37:14","date_gmt":"2019-11-11T17:37:14","guid":{"rendered":"https:\/\/kamenovo.cz\/?post_type=product&#038;p=3836"},"modified":"2019-12-02T20:46:25","modified_gmt":"2019-12-02T20:46:25","slug":"akvamarin","status":"publish","type":"product","link":"https:\/\/kamenovo.cz\/index.php\/produkt\/akvamarin\/","title":{"rendered":"Akvamar\u00edn"},"content":{"rendered":"<p>Akvamar\u00edn je k\u00e1men symbolizuj\u00edc\u00ed odvahu. Jeho uklid\u0148uj\u00edc\u00ed energie potla\u010duje stres a uklid\u0148uje mysl. Vn\u00e1\u0161\u00ed harmonii do sv\u00e9ho okol\u00ed a chr\u00e1n\u00ed p\u0159ed jeho \u0161kodliv\u00fdm zne\u010di\u0161t\u011bn\u00edm. V d\u00e1vn\u00fdch dob\u00e1ch se v\u011b\u0159ilo, \u017ee dok\u00e1\u017ee \u010delit mocnostem temnot a sou\u010dasn\u011b z\u00edsk\u00e1vat p\u0159\u00edze\u0148 duch\u016f sv\u011btla. N\u00e1mo\u0159n\u00edci jej nosili jako talisman proti utonut\u00ed.<\/p>\n","protected":false},"excerpt":{"rendered":"<ul>\n<li>p\u0159\u00edrodn\u00ed tvar<\/li>\n<li>n\u00e1dhern\u00e1 barva a tvar<\/li>\n<li>Akvamar\u00edn je k\u00e1men symbolizuj\u00edc\u00ed odvahu. Jeho uklid\u0148uj\u00edc\u00ed energie potla\u010duje stres a uklid\u0148uje mysl. Vn\u00e1\u0161\u00ed harmonii do sv\u00e9ho okol\u00ed a chr\u00e1n\u00ed p\u0159ed jeho \u0161kodliv\u00fdm zne\u010di\u0161t\u011bn\u00edm.<\/li>\n<\/ul>\n","protected":false},"featured_media":3837,"comment_status":"open","ping_status":"closed","template":"","meta":{"ngg_post_thumbnail":0,"jetpack_post_was_ever_published":false,"_joinchat":[],"jetpack_publicize_message":"","jetpack_publicize_feature_enabled":true,"jetpack_social_post_already_shared":true,"jetpack_social_options":{"image_generator_settings":{"template":"highway","enabled":false},"version":2}},"product_cat":[97],"product_tag":[],"class_list":{"0":"post-3836","1":"product","2":"type-product","3":"status-publish","4":"has-post-thumbnail","6":"product_cat-akvamarin-privesky-ag","8":"first","9":"instock","10":"shipping-taxable","11":"purchasable","12":"product-type-simple"},"jetpack_publicize_connections":[],"jetpack_likes_enabled":true,"jetpack-related-posts":[],"jetpack_sharing_enabled":true,"_links":{"self":[{"href":"https:\/\/kamenovo.cz\/index.php\/wp-json\/wp\/v2\/product\/3836","targetHints":{"allow":["GET"]}}],"collection":[{"href":"https:\/\/kamenovo.cz\/index.php\/wp-json\/wp\/v2\/product"}],"about":[{"href":"https:\/\/kamenovo.cz\/index.php\/wp-json\/wp\/v2\/types\/product"}],"replies":[{"embeddable":true,"href":"https:\/\/kamenovo.cz\/index.php\/wp-json\/wp\/v2\/comments?post=3836"}],"wp:featuredmedia":[{"embeddable":true,"href":"https:\/\/kamenovo.cz\/index.php\/wp-json\/wp\/v2\/media\/3837"}],"wp:attachment":[{"href":"https:\/\/kamenovo.cz\/index.php\/wp-json\/wp\/v2\/media?parent=3836"}],"wp:term":[{"taxonomy":"product_cat","embeddable":true,"href":"https:\/\/kamenovo.cz\/index.php\/wp-json\/wp\/v2\/product_cat?post=3836"},{"taxonomy":"product_tag","embeddable":true,"href":"https:\/\/kamenovo.cz\/index.php\/wp-json\/wp\/v2\/product_tag?post=3836"}],"curies":[{"name":"wp","href":"https:\/\/api.w.org\/{rel}","templated":true}]}}