{"id":2777,"date":"2019-05-27T11:29:46","date_gmt":"2019-05-27T11:29:46","guid":{"rendered":"https:\/\/kamenovo.cz\/?post_type=product&#038;p=2777"},"modified":"2019-05-27T11:29:47","modified_gmt":"2019-05-27T11:29:47","slug":"tygri-oko-naramek","status":"publish","type":"product","link":"https:\/\/kamenovo.cz\/index.php\/produkt\/tygri-oko-naramek\/","title":{"rendered":"Tyg\u0159\u00ed oko n\u00e1ramek"},"content":{"rendered":"<p><strong>Vlastnosti: <\/strong>Tyg\u0159\u00ed oko v sob\u011b spojuje pozemskou energii s energiemi Slunce, aby s jejich pomoc\u00ed navodilo stav vysok\u00fdch vibrac\u00ed, kter\u00e9 jsou ale p\u0159esto uzemn\u011bn\u00e9 a p\u0159iv\u00e1d\u011bj\u00ed do zem\u011b duchovn\u00ed energii. <strong>Polo\u017een\u00e9 na t\u0159et\u00ed oko<\/strong> podporuje ment\u00e1ln\u00ed schopnosti zemsky orientovan\u00fdch lid\u00ed, <strong>udr\u017euje rovnov\u00e1hu ni\u017e\u0161\u00edch \u010daker<\/strong> a podn\u011bcuje r\u016fst kundalini.<\/p>\n","protected":false},"excerpt":{"rendered":"<ul>\n<li>velk\u00e9 nugety<\/li>\n<li>podpora pohybov\u00e9ho apar\u00e1tu<\/li>\n<li>podpora psychiky<\/li>\n<\/ul>\n<p>Vlastnosti kamene: <a href=\"https:\/\/kamenovo.cz\/index.php\/2018\/07\/07\/tygri-okotigers-eye\/#more-1671\"><strong>ZDE<\/strong><\/a><\/p>\n","protected":false},"featured_media":2773,"comment_status":"open","ping_status":"closed","template":"","meta":{"ngg_post_thumbnail":0,"jetpack_post_was_ever_published":false,"_joinchat":[],"jetpack_publicize_message":"","jetpack_publicize_feature_enabled":true,"jetpack_social_post_already_shared":true,"jetpack_social_options":{"image_generator_settings":{"template":"highway","enabled":false},"version":2}},"product_cat":[41],"product_tag":[],"class_list":{"0":"post-2777","1":"product","2":"type-product","3":"status-publish","4":"has-post-thumbnail","6":"product_cat-naramky","8":"first","9":"instock","10":"shipping-taxable","11":"purchasable","12":"product-type-simple"},"jetpack_publicize_connections":[],"jetpack_likes_enabled":true,"jetpack-related-posts":[],"jetpack_sharing_enabled":true,"_links":{"self":[{"href":"https:\/\/kamenovo.cz\/index.php\/wp-json\/wp\/v2\/product\/2777","targetHints":{"allow":["GET"]}}],"collection":[{"href":"https:\/\/kamenovo.cz\/index.php\/wp-json\/wp\/v2\/product"}],"about":[{"href":"https:\/\/kamenovo.cz\/index.php\/wp-json\/wp\/v2\/types\/product"}],"replies":[{"embeddable":true,"href":"https:\/\/kamenovo.cz\/index.php\/wp-json\/wp\/v2\/comments?post=2777"}],"wp:featuredmedia":[{"embeddable":true,"href":"https:\/\/kamenovo.cz\/index.php\/wp-json\/wp\/v2\/media\/2773"}],"wp:attachment":[{"href":"https:\/\/kamenovo.cz\/index.php\/wp-json\/wp\/v2\/media?parent=2777"}],"wp:term":[{"taxonomy":"product_cat","embeddable":true,"href":"https:\/\/kamenovo.cz\/index.php\/wp-json\/wp\/v2\/product_cat?post=2777"},{"taxonomy":"product_tag","embeddable":true,"href":"https:\/\/kamenovo.cz\/index.php\/wp-json\/wp\/v2\/product_tag?post=2777"}],"curies":[{"name":"wp","href":"https:\/\/api.w.org\/{rel}","templated":true}]}}