{"id":2373,"date":"2018-12-16T14:20:22","date_gmt":"2018-12-16T14:20:22","guid":{"rendered":"https:\/\/kamenovo.cz\/?post_type=product&#038;p=2373"},"modified":"2018-12-16T14:57:12","modified_gmt":"2018-12-16T14:57:12","slug":"naramek-topazcitrinametystruzenin-top","status":"publish","type":"product","link":"https:\/\/kamenovo.cz\/index.php\/produkt\/naramek-topazcitrinametystruzenin-top\/","title":{"rendered":"N\u00e1ramek &#8211; topaz, citr\u00edn, ametyst, r\u016f\u017een\u00edn &#8211; TOP"},"content":{"rendered":"<p><strong>Topaz<\/strong> :&nbsp;<\/p>\n<p><strong>Vlastnosti:<\/strong> Topas je jemn\u00fd a vyrovnan\u00fd k\u00e1men nadan\u00fd schopnost\u00ed empatie, kter\u00fd dok\u00e1\u017ee zam\u011b\u0159it energii tam, kde je j\u00ed nejv\u00edc zapot\u0159eb\u00ed. Uklid\u0148uje, l\u00e9\u010d\u00ed, podn\u011bcuje, dob\u00edj\u00ed, motivuje a uv\u00e1d\u00ed do rovnov\u00e1hy meridi\u00e1ny. Topas p\u0159in\u00e1\u0161\u00ed pravdu a odpu\u0161t\u011bn\u00ed. Pom\u00e1h\u00e1 oza\u0159ovat cestu, zd\u016fraz\u0148uje c\u00edle a upozor\u0148uje na vnit\u0159n\u00ed zdroje. Tento krystal p\u0159in\u00e1\u0161\u00ed v\u00edru v univerzum, je\u017e v\u00e1m umo\u017enilo na prvn\u00edm m\u00edst\u011b \u201eb\u00fdt&#8220;, a teprve potom \u201ekonat&#8220;. Omezuje pochybnosti a nejistotu.<\/p>\n<p>Vibra\u010dn\u00ed energie topasu p\u0159in\u00e1\u0161\u00ed radost, \u0161t\u011bdrost, hojnost a pevn\u00e9 zdrav\u00ed. Tradi\u010dn\u011b je zn\u00e1m\u00fd jako k\u00e1men l\u00e1sky a p\u0159\u00edzn\u011b osudu zaji\u0161\u0165uj\u00edc\u00ed \u00fasp\u011b\u0161n\u00e9 dosahov\u00e1n\u00ed stanoven\u00fdch c\u00edl\u016f. Mimo\u0159\u00e1dn\u011b p\u0159\u00edzniv\u011b p\u016fsob\u00ed p\u0159i vyvol\u00e1v\u00e1n\u00ed vizu\u00e1ln\u00edch p\u0159edstav. Uv\u00e1d\u00ed se, \u017ee jednotliv\u00e9 plochy krystalu a jeho dva konce jsou nabit\u00e9 kladnou a z\u00e1pornou energi\u00ed, do n\u00ed\u017e lze soust\u0159edit \u017e\u00e1dosti adresovan\u00e9 vesm\u00edru a pot\u00e9 je materializovat na pozemsk\u00e9 \u00farovni.<\/p>\n<p>V du\u0161evn\u00edm \u017eivot\u011b pom\u00e1h\u00e1 topas zkoumat vlastn\u00ed osobnost a jej\u00ed vnit\u0159n\u00ed bohatstv\u00ed.&nbsp; V okol\u00ed \u0161\u0165astn\u00e9ho topasu nep\u0159e\u017eije nic negativn\u00edho. Je to k\u00e1men p\u0159in\u00e1\u0161ej\u00edc\u00ed otev\u0159enost a poctivost, schopnost seberealizace, sebekontroly a touhu rozv\u00edjet vlastn\u00ed vnit\u0159n\u00ed moudrost.<\/p>\n<p><strong>Ametyst:<\/strong><\/p>\n<p><strong>Vlastnosti:<\/strong> Ametyst je mimo\u0159\u00e1dn\u011b mocn\u00fd k\u00e1men s obrovskou ochrannou silou, obda\u0159en\u00fd vysoce spiritu\u00e1ln\u00edmi vibracemi. Br\u00e1n\u00ed nositele p\u0159ed psychick\u00fdmi \u00fatoky, nebo\u0165 jejich energii prom\u011b\u0148uje v l\u00e1sku. Coby p\u0159\u00edrodn\u00ed sedativum <strong>blokuje <\/strong>ametyst <strong>geopatogenn\u00ed z\u00f3ny<\/strong> a negativn\u00ed energie prostupuj\u00edc\u00ed prost\u0159ed\u00edm kolem n\u00e1s. Jeho vyrovnanost napom\u00e1h\u00e1 p\u0159i meditac\u00edch. Ametyst m\u00e1 silnou l\u00e9\u010divou a o\u010distnou moc. Podporuje rovn\u011b\u017e spiritu\u00e1ln\u00ed uv\u011bdom\u011bn\u00ed si v\u0161ech souvislost\u00ed. Tradi\u010dn\u011b se nosil jako prost\u0159edek zabra\u0148uj\u00edc\u00ed opilosti. Podporuje st\u0159\u00edzlivost. P\u0159ekon\u00e1v\u00e1 z\u00e1vislosti&nbsp;a bloky v\u0161eho druhu. Pokud se u\u017e\u00edv\u00e1 na vy\u0161\u0161\u00edch \u00farovn\u00edch osobnosti, otev\u00edr\u00e1 ametyst br\u00e1nu do jin\u00e9 reality.<\/p>\n<p><strong>Citr\u00edn:<\/strong><\/p>\n<p><strong>Vlastnosti:<\/strong> Citr\u00edn funguje jako \u00fa\u010dinn\u00fd \u010disti\u010d a regener\u00e1tor. Jako k\u00e1men, jen\u017e v sob\u011b uchov\u00e1v\u00e1 slune\u010dn\u00ed energii, p\u0159edstavuje mimo\u0159\u00e1dn\u011b blahod\u00e1rn\u011b p\u016fsob\u00edc\u00ed krystal. Sv\u00e9mu majiteli p\u0159ed\u00e1v\u00e1 teplo, energii a velice zvy\u0161uje jeho tv\u016fr\u010d\u00ed schopnosti. Jedn\u00e1 se o jeden z krystal\u016f, kter\u00e9 nikdy nepot\u0159ebuj\u00ed \u010di\u0161t\u011bn\u00ed. Pohlcuje, prom\u011b\u0148uje, rozptyluje a uzem\u0148uje negativn\u00ed energii, d\u00edky \u010demu\u017e m\u00e1 mimo\u0159\u00e1dn\u00fd ochrann\u00fd \u00fa\u010dinek na \u017eivotn\u00ed prost\u0159ed\u00ed, ve kter\u00e9m se jeho majitel pohybuje. Citr\u00edn p\u0159in\u00e1\u0161\u00ed energii do v\u0161ech \u00farovn\u00ed \u017eivota. Jako\u017eto <strong>ochr\u00e1nce aury<\/strong> funguje jako syst\u00e9m v\u010dasn\u00e9ho varov\u00e1n\u00ed, \u010d\u00edm\u017e poskytuje sv\u00e9mu nositeli v\u017edy dostatek \u010dasu k akci na vlastn\u00ed obranu. Dok\u00e1\u017ee rovn\u011b\u017e \u010distit \u010dakry &#8211; zejm\u00e9na <strong>\u010dakru solar plexu<\/strong> a pupe\u010dn\u00ed. Aktivuje k \u010dinnosti <strong>korunn\u00ed \u010dakru<\/strong> a zesiluje intuici. Citr\u00edn tak\u00e9 pro\u010di\u0161\u0165uje vy\u0161\u0161\u00ed \u00farovn\u011b osobnosti a uv\u00e1d\u00ed je do rovnov\u00e1hy s ni\u017e\u0161\u00edm fyzick\u00fdm t\u011blem.<\/p>\n<p><strong>R\u016f\u017een\u00edn:<\/strong><\/p>\n<p><strong>Vlastnosti: <\/strong>R\u016f\u017een\u00edn je kamenem nepodm\u00edn\u011bn\u00e9 l\u00e1sky a nekone\u010dn\u00e9ho m\u00edru. Jedn\u00e1 se o jeden z <strong>nejd\u016fle\u017eit\u011bj\u0161\u00edch krystal\u016f pro srdce a srde\u010dn\u00ed \u010dakru<\/strong>. P\u0159in\u00e1\u0161\u00ed pou\u010den\u00ed o skute\u010dn\u00e9 podstat\u011b l\u00e1sky. \u010cist\u00ed a otev\u00edr\u00e1 srdce na v\u0161ech \u00farovn\u00edch. Vn\u00e1\u0161\u00ed do n\u011bj vnit\u0159n\u00ed hojen\u00ed a l\u00e1sku k sob\u011b sam\u00e9mu. M\u00e1 uklid\u0148uj\u00edc\u00ed, ti\u0161\u00edc\u00ed \u00fa\u010dinek. V\u00fdborn\u011b poslou\u017e\u00ed ve chv\u00edl\u00edch traumat nebo kriz\u00ed. Pokud k sob\u011b chcete p\u0159il\u00e1kat l\u00e1sku, nemus\u00edte hledat u\u017e nic jin\u00e9ho ne\u017e r\u016f\u017eov\u00fd k\u0159emen. Jestli\u017ee jej polo\u017e\u00edte vedle postele nebo do rohu vztah\u016f ve sv\u00e9m byt\u011b, bude k v\u00e1m p\u0159itahovat l\u00e1sku a nov\u00e9 vztahy tak \u00fa\u010dinn\u011b, \u017ee budete \u010dasto pot\u0159ebovat ametyst, aby se jeho \u00fa\u010dinek pon\u011bkud zm\u00edrnil. V existuj\u00edc\u00edch vztaz\u00edch obnovuje d\u016fv\u011bru a harmonii a podn\u011bcuje projevy nezi\u0161tn\u00e9 l\u00e1sky.<\/p>\n","protected":false},"excerpt":{"rendered":"<p>Topaz :&nbsp; Vlastnosti: Topas je jemn\u00fd a vyrovnan\u00fd k\u00e1men nadan\u00fd schopnost\u00ed empatie, kter\u00fd dok\u00e1\u017ee zam\u011b\u0159it energii tam, kde je j\u00ed nejv\u00edc zapot\u0159eb\u00ed. Uklid\u0148uje, l\u00e9\u010d\u00ed, podn\u011bcuje, dob\u00edj\u00ed, motivuje a uv\u00e1d\u00ed do rovnov\u00e1hy meridi\u00e1ny. Topas p\u0159in\u00e1\u0161\u00ed pravdu a odpu\u0161t\u011bn\u00ed. Pom\u00e1h\u00e1 oza\u0159ovat cestu, zd\u016fraz\u0148uje c\u00edle a upozor\u0148uje na vnit\u0159n\u00ed zdroje. Tento krystal p\u0159in\u00e1\u0161\u00ed v\u00edru v univerzum, je\u017e v\u00e1m [&hellip;]<\/p>\n","protected":false},"featured_media":2374,"comment_status":"open","ping_status":"closed","template":"","meta":{"ngg_post_thumbnail":0,"jetpack_post_was_ever_published":false,"_joinchat":[],"jetpack_publicize_message":"","jetpack_publicize_feature_enabled":true,"jetpack_social_post_already_shared":true,"jetpack_social_options":{"image_generator_settings":{"template":"highway","enabled":false},"version":2}},"product_cat":[41],"product_tag":[],"class_list":{"0":"post-2373","1":"product","2":"type-product","3":"status-publish","4":"has-post-thumbnail","6":"product_cat-naramky","8":"first","9":"instock","10":"shipping-taxable","11":"purchasable","12":"product-type-simple"},"jetpack_publicize_connections":[],"jetpack_likes_enabled":true,"jetpack-related-posts":[],"jetpack_sharing_enabled":true,"_links":{"self":[{"href":"https:\/\/kamenovo.cz\/index.php\/wp-json\/wp\/v2\/product\/2373","targetHints":{"allow":["GET"]}}],"collection":[{"href":"https:\/\/kamenovo.cz\/index.php\/wp-json\/wp\/v2\/product"}],"about":[{"href":"https:\/\/kamenovo.cz\/index.php\/wp-json\/wp\/v2\/types\/product"}],"replies":[{"embeddable":true,"href":"https:\/\/kamenovo.cz\/index.php\/wp-json\/wp\/v2\/comments?post=2373"}],"wp:featuredmedia":[{"embeddable":true,"href":"https:\/\/kamenovo.cz\/index.php\/wp-json\/wp\/v2\/media\/2374"}],"wp:attachment":[{"href":"https:\/\/kamenovo.cz\/index.php\/wp-json\/wp\/v2\/media?parent=2373"}],"wp:term":[{"taxonomy":"product_cat","embeddable":true,"href":"https:\/\/kamenovo.cz\/index.php\/wp-json\/wp\/v2\/product_cat?post=2373"},{"taxonomy":"product_tag","embeddable":true,"href":"https:\/\/kamenovo.cz\/index.php\/wp-json\/wp\/v2\/product_tag?post=2373"}],"curies":[{"name":"wp","href":"https:\/\/api.w.org\/{rel}","templated":true}]}}