{"id":2038,"date":"2018-09-22T19:22:27","date_gmt":"2018-09-22T19:22:27","guid":{"rendered":"https:\/\/kamenovo.cz\/?post_type=product&#038;p=2038"},"modified":"2021-08-27T18:29:49","modified_gmt":"2021-08-27T18:29:49","slug":"orgonitove-privesky","status":"publish","type":"product","link":"https:\/\/kamenovo.cz\/index.php\/produkt\/orgonitove-privesky\/","title":{"rendered":"Orgonitov\u00fd p\u0159\u00edv\u011bsek l\u00e1pis"},"content":{"rendered":"<h4><img loading=\"lazy\" decoding=\"async\" data-attachment-id=\"4538\" data-permalink=\"https:\/\/kamenovo.cz\/index.php\/shop\/fotoadjicqtrrb65707\/\" data-orig-file=\"https:\/\/kamenovo.cz\/wp-content\/uploads\/2020\/03\/fotoadjicqtrrb65707.gif\" data-orig-size=\"125,70\" data-comments-opened=\"1\" data-image-meta=\"{&quot;aperture&quot;:&quot;0&quot;,&quot;credit&quot;:&quot;&quot;,&quot;camera&quot;:&quot;&quot;,&quot;caption&quot;:&quot;&quot;,&quot;created_timestamp&quot;:&quot;0&quot;,&quot;copyright&quot;:&quot;&quot;,&quot;focal_length&quot;:&quot;0&quot;,&quot;iso&quot;:&quot;0&quot;,&quot;shutter_speed&quot;:&quot;0&quot;,&quot;title&quot;:&quot;&quot;,&quot;orientation&quot;:&quot;0&quot;}\" data-image-title=\"fotoadjicqtrrb65707\" data-image-description=\"\" data-image-caption=\"\" data-medium-file=\"https:\/\/kamenovo.cz\/wp-content\/uploads\/2020\/03\/fotoadjicqtrrb65707.gif\" data-large-file=\"https:\/\/kamenovo.cz\/wp-content\/uploads\/2020\/03\/fotoadjicqtrrb65707.gif\" class=\"size-full wp-image-4538 aligncenter\" src=\"https:\/\/kamenovo.cz\/wp-content\/uploads\/2020\/03\/fotoadjicqtrrb65707.gif\" alt=\"\" width=\"125\" height=\"70\"><\/h4>\n<h4>&nbsp;<\/h4>\n<h4><span style=\"color: #0000ff;\"><em><strong>Neutralizuje negativn\u00ed p\u016fsoben\u00ed elektromagnetick\u00e9ho z\u00e1\u0159en\u00ed vys\u00edla\u010d\u016f a ve\u0161ker\u00e9 elektroniky.<\/strong><\/em><\/span><\/h4>\n<h4>Technick\u00e9 z\u00e1\u0159en\u00ed zejm\u00e9na v oblasti mikrovln, skal\u00e1rn\u00edch a swekryt\u00fdch pol\u00ed p\u016fsob\u00ed disharmonicky a destruktivn\u011b na strukturu bun\u011bk v\u0161eho \u017eiv\u00e9ho. Orgonit dok\u00e1\u017ee transformovat negativn\u00ed energie na akceptovateln\u00e9 t\u00edm, \u017ee je harmonizuje. \u00da\u010dinkuje intenzivn\u011b a s p\u0159ekvapiv\u011b \u0161irok\u00fdm dosahem.<\/h4>\n<p><span style=\"color: #0000ff;\"><em><strong>Eliminuje p\u016fsoben\u00ed geopatogenn\u00edch z\u00f3n na nejni\u017e\u0161\u00ed mo\u017enou hranic<\/strong><\/em><\/span><br \/>\n&nbsp;Nem\u016f\u017eeme \u0159\u00edci, jak mnoz\u00ed tvrd\u00ed, \u017ee orgonit ru\u0161\u00ed geopatogenn\u00ed z\u00f3ny. To bychom museli nejd\u0159\u00edve zru\u0161it jejich zdroj v geologick\u00e9m podlo\u017e\u00ed, co\u017e nen\u00ed mo\u017en\u00e9. Orgonit v\u0161ak p\u016fsoben\u00ed z\u00f3n efektivn\u011b transformuje. Nerozpt\u00fdl\u00ed pole patogenn\u00ed z\u00f3ny jako takov\u00e9, sp\u00ed\u0161e ho transformuje a harmonizuje, tak\u017ee p\u016fvodn\u011b disharmonicky p\u016fsob\u00edc\u00ed rozd\u00edln\u00e9 vlnov\u00e9 d\u00e9lky se stanou minulost\u00ed, pokud um\u00edst\u00edme orgonit do prostoru. Nej\u00fa\u010dinn\u011bj\u0161\u00ed je polo\u017eit jej do negativn\u00edho ohniska k\u0159\u00ed\u017een\u00ed n\u011bkolika z\u00f3n. Orgonit ohnisko do\u0161iroka rozpt\u00fdl\u00ed, roz\u0159ed\u00ed, tak\u017ee v m\u00edst\u011b p\u016fvodn\u00edho ohniska ji\u017e po n\u011bkolika minut\u00e1ch nenam\u011b\u0159\u00edme t\u00e9m\u011b\u0159 \u017e\u00e1dn\u00e9 negativn\u00ed p\u016fsoben\u00ed. Zjist\u00edme pouze velmi zanedbatelnou hodnotu intenzity p\u016fvodn\u00edho negativn\u00edho pole.&nbsp;<\/p>\n<p><span style=\"color: #0000ff;\"><em><strong>\u010cist\u00ed vodu, rybn\u00edky, \u0159eky, studny a vodu podzem\u00ed<\/strong><\/em><\/span><br \/>\nV t\u00e9to oblasti zku\u0161enosti prozat\u00edm sb\u00edr\u00e1me, av\u0161ak informace ze zahrani\u010dn\u00edch zdroj\u016f jednozna\u010dn\u011b potvrzuj\u00ed ji\u017e n\u011bkolikalet\u00e9 \u00fasp\u011bchy s vyu\u017eit\u00edm orgonit\u016f do dom\u00e1c\u00ed studny, zahradn\u00edch n\u00e1dr\u017e\u00ed i baz\u00e9n\u016f. Podle na\u0161ich m\u011b\u0159en\u00ed orgonit neovliv\u0148uje p\u016fsoben\u00ed pole podzemn\u00edch tok\u016f, kter\u00e9 p\u016fsob\u00ed negativn\u011b vedle ostatn\u00edch geopatogenn\u00edch a technick\u00fdch z\u00f3n; pouze ho harmonizuje a eliminuje jeho negativn\u00ed p\u016fsoben\u00ed.<\/p>\n<p><span style=\"color: #0000ff;\"><em><strong>V kombinaci v\u00edce orgonit\u016f bl\u00edzko sebe se \u00fa\u010dinek umoc\u0148uje<\/strong><\/em><\/span><br \/>\n&nbsp;Orgonit p\u0159itahuje energie ze sv\u00e9ho okol\u00ed v\u010detn\u011b t\u011bch ji\u017e o\u010di\u0161t\u011bn\u00fdch \u201ekolegou sousedem\u201c druh\u00fdm orgonitem. T\u00edm p\u00e1dem je pozvedne je\u0161t\u011b o t\u0159\u00eddu v\u00fd\u0161e. Takto nav\u00fd\u0161en\u00e9 je zase odr\u00e1\u017e\u00ed do okol\u00ed. V r\u00e1mci ak\u010dn\u00edho r\u00e1diusu si je zase p\u0159it\u00e1hne sousedn\u00ed orgonit a op\u011bt je o n\u011bco pozvedne. Tak dokola prob\u00edh\u00e1 rezonance mezi dv\u011bma a v\u00edce orgonity. Jejich \u00fa\u010dinek v prostoru se vz\u00e1jmn\u011b umoc\u0148uje p\u0159\u00edmou \u00fam\u011brou.<\/p>\n<p><span style=\"color: #0000ff;\"><em><strong>Je siln\u00fdm zdrojem z\u00e1porn\u00fdch iont\u016f&nbsp;<\/strong><\/em><\/span><br \/>\n&nbsp;Dnes je v na\u0161em \u017eivotn\u00edm prost\u0159ed\u00ed st\u00e1le m\u00e9n\u011b z\u00e1porn\u00fdch iont\u016f. Je ot\u00e1zkou, zda je to zp\u016fsobeno negativn\u00edmi dopady sou\u010dasn\u00e9 spole\u010dnosti na \u017eivotn\u00ed prost\u0159ed\u00ed. Okol\u00ed je st\u00e1le v\u00edce p\u0159epl\u0148ov\u00e1no kladn\u00fdmi ionty, co\u017e m\u016f\u017eeme poci\u0165ovat v podob\u011b t\u011b\u017ek\u00e9ho vzduchu jako ve sklen\u00edku nejen v parn\u00e9m l\u00e9t\u011b, kdy se \u010dlov\u011bk d\u0159\u00edve zad\u00fdch\u00e1v\u00e1 atd. Opakem je p\u0159\u00edjemn\u00fd pocit ve sv\u011b\u017e\u00edm parku u font\u00e1ny, u horsk\u00e9ho potoka nebo po bou\u0159ce, kdy je ovzdu\u0161\u00ed pln\u00e9 z\u00e1porn\u00fdch iont\u016f. Mimo jin\u00e9, tak\u00e9 orgonit produkuje tyto z\u00e1porn\u00e9 ionty. Citeln\u00e9 zm\u011bny jsme pozorovali p\u0159i v\u011bt\u0161\u00edm mno\u017estv\u00ed orgonit\u016f v m\u00edstnosti.&nbsp;<\/p>\n<p><span style=\"color: #0000ff;\"><em><strong>\u010ci\u0161t\u011bn\u00ed a ochrana potravin v ledni\u010dk\u00e1ch<\/strong><\/em><\/span><br \/>\nLedni\u010dka p\u016fsob\u00ed kovov\u00fdmi st\u011bnami jako faradayova klec, v n\u00ed\u017e se n\u00e1sob\u00ed elektromagnetick\u00e1 pole od motoru kompresoru a dal\u0161\u00ed elektroniky instalovan\u00e9 pro chod lednice. Orgonit um\u00edst\u011bn\u00fd k potravin\u00e1m toto prost\u0159ed\u00ed \u010dist\u00ed od vznikaj\u00edc\u00edho elektrosmogu, neutralizuje negativn\u00ed pole, a tak potraviny v uzav\u0159en\u00e9m prostoru \u010dist\u00ed a vitalizuje. Podporuje udr\u017een\u00ed jejich nutri\u010dn\u00ed hodnoty a sv\u011b\u017eesti.<\/p>\n<p><span style=\"color: #0000ff;\"><em><strong>Orgonit podporuje a regeneruje nejen lidsk\u00fd organizmus<\/strong><\/em><\/span><br \/>\n&nbsp;Zdrav\u00ed je ot\u00e1zkou spr\u00e1vn\u00e9 funkce bun\u011bk \u017eiv\u00e9ho organismu. Disharmonick\u00e9 energie, elektrosmog i patogenn\u00ed z\u00f3ny naru\u0161uj\u00ed spr\u00e1vnou funkci bun\u011bk. Bu\u0148ka vynakl\u00e1d\u00e1 v\u00edce n\u00e1mahy na udr\u017een\u00ed rovnov\u00e1hy pro svoji spr\u00e1vnou \u010dinnost, \u010d\u00edm\u017e se v\u00edce zan\u00e1\u0161\u00ed odpadn\u00edmi slou\u010deninami a nem\u00e1 tolik sil je vylu\u010dovat. Je oslabov\u00e1na, postupn\u011b doch\u00e1z\u00ed k jej\u00ed nemoci a pozvolna um\u00edr\u00e1. Pokud je \u017eiv\u00fd organismus \u010dlov\u011bka, zv\u00ed\u0159ete i rostlinn\u00e9 vegetace nad\u00e1le vystavov\u00e1n takov\u00e9 trval\u00e9 disharmonick\u00e9 z\u00e1t\u011b\u017ei, degeneruje a pozvolna ch\u0159adne a um\u00edr\u00e1. P\u0159ilo\u017een\u00fd orgonit nep\u0159etr\u017eit\u011b a efektivn\u011b harmonizuje v\u0161echna p\u0159\u00edtomn\u00e1 pole; negativn\u00ed pole neutralizuje a p\u0159itahuje mno\u017estv\u00ed \u017eiv\u00e9 pr\u00e1ny. O\u010di\u0161t\u011bnou ji pak vrac\u00ed a odr\u00e1\u017e\u00ed do okoln\u00edho prostoru. T\u00edm se pobyt v bl\u00edzkosti t\u0159eba i jedin\u00e9ho orgonitu st\u00e1v\u00e1 podobn\u011b l\u00e9\u010div\u00fdm jako pobyt a hlubok\u00e9 d\u00fdch\u00e1n\u00ed ve vo\u0148av\u00e9m lese \u010di na louce pros\u00e1kl\u00e9 \u010distou \u017eivotn\u00ed pr\u00e1nou a slune\u010dn\u00edm z\u00e1\u0159en\u00edm. T\u011blo i cel\u00fd bun\u011b\u010dn\u00fd syst\u00e9m poc\u00edt\u00ed \u00falevu a jeho potenci\u00e1l regenerace jako by se probudil. Ihned doch\u00e1z\u00ed k samol\u00e9\u010db\u011b, obnov\u011b, celkov\u00e9 \u00falev\u011b t\u011bla, \u010dasto i p\u0159ekvapiv\u011b od r\u016fzn\u00fdch dlouholet\u00fdch bolest\u00ed.&nbsp;<\/p>\n<p><span style=\"color: #0000ff;\"><em><strong>Transformuje destruktivn\u00ed energie; \u010dist\u00ed, vitalizuje a nab\u00edj\u00ed t\u011blo a okol\u00ed \u017eivou energi\u00ed<\/strong><\/em><\/span><br \/>\nOrgonit bychom mohli nazvat jednodu\u0161e laicky jako \u201epra\u010dku energi\u00ed\u201c. P\u0159itahuje a neutralizuje negativn\u00ed energie. V\u0161echen disharmonick\u00fd negativn\u00ed charakter transformuje na l\u00e9\u010divou a \u017eivou zdravou pr\u00e1nu. Do dom\u016f se doporu\u010duje orgonity rozm\u00edstit do roh\u016f m\u00edstnost\u00ed; preferujeme lo\u017enice nebo m\u00edsta s nejhor\u0161\u00ed kumulac\u00ed patogenn\u00edch z\u00f3n, aby je neutralizoval. T\u011blo v\u010detn\u011b aury je v bl\u00edzkosti orgonitu vitalizov\u00e1no a nab\u00edjeno zdravou l\u00e9\u010divou pr\u00e1nou. Transformace a \u010di\u0161t\u011bn\u00ed prob\u00edh\u00e1 i na psychosomatick\u00e9 \u00farovni. Psychick\u00e9 a jin\u00e9 z\u00e1t\u011b\u017ee, n\u00e1nosy a bloky jsou rozpou\u0161t\u011bny, proto\u017ee p\u0159est\u00e1vaj\u00ed b\u00fdt \u017eiveny na sv\u00e9 n\u00edzkovibra\u010dn\u00ed \u00farovni.<\/p>\n<p><span style=\"color: #0000ff;\"><em><strong>\u010cist\u00ed prostory od negativn\u00edch n\u00edzk\u00fdch astr\u00e1ln\u00edch a jin\u00fdch entit a forem<\/strong><\/em><\/span><br \/>\n\u010cek\u00e1rny, vlakov\u00e1 n\u00e1dra\u017e\u00ed, hostince, z\u00e1kout\u00ed temn\u00fdch uli\u010dek star\u00fdch dom\u016f a sklep\u016f, star\u00e9 \u0161toly hlouben\u00e9 zajatci, bl\u00e1zince, ve\u0159ejn\u00e9 domy, dopravn\u00ed prost\u0159edky &#8211; tam v\u0161ude je zv\u00fd\u0161en\u00fd v\u00fdskyt negativn\u00edch my\u0161lenkov\u00fdch, astr\u00e1ln\u00edch a jin\u00fdch forem, kde mnohdy doch\u00e1z\u00ed k nep\u0159\u00edjemn\u00fdm pocit\u016fm nebo projev\u016fm. Jsou to t\u011b\u017ek\u00e9 psychosomatick\u00e9 n\u00edzk\u00e9 energie a formy, kter\u00e9 orgonit sv\u00fdm \u00fa\u010dinkem odpuzuje. Ni\u017e\u0161\u00ed a disharmonick\u00e9 formy, energie, entity nemohou v bl\u00edzkosti orgonitu dlouho odol\u00e1vat.<\/p>\n<h4><span style=\"color: #0000ff;\"><em><strong>Orgonit p\u016fsob\u00ed i na rostliny, kter\u00e9 rostou rychleji a do v\u011bt\u0161\u00edch v\u00fd\u0161ek, rozm\u011br\u016f, plodnosti a zdrav\u00ed<\/strong><\/em><\/span><br \/>\n&nbsp;D\u00edky orgonitu se rostliny mnohem l\u00e9pe br\u00e1n\u00ed proti napaden\u00ed hmyzem, pl\u00edsn\u011bmi, viry. Orgonit rozptyluje p\u0159\u00edpadn\u00e9 p\u0159\u00edtomn\u00e9 destruktivn\u00ed patogenn\u00ed a technick\u00e1 pole, d\u00edky kter\u00fdm byly rostliny oslabov\u00e1ny. D\u00edky tomu rostliny po um\u00edst\u011bn\u00ed orgonit\u016f do jejich bl\u00edzkosti pom\u011brn\u011b rychle reaguj\u00ed v\u011bt\u0161\u00edm vzr\u016fstem a kvalitou plod\u016f. Vegetace \u010dasto dos\u00e1hne a\u017e dvojn\u00e1sobn\u00e9 kvality. Proto je ide\u00e1ln\u00ed um\u00edstit n\u011bkolik orgonit\u016f do sv\u00e9 zahr\u00e1dky, sadu, sklen\u00edku \u010di studny.<\/h4>\n<p><span style=\"color: #0000ff;\"><em><strong>Ru\u0161\u00ed psychopatogenn\u00ed z\u00f3ny a pole, podpo\u0159\u00ed vztahy a rodinu<\/strong><\/em><\/span><br \/>\nV p\u0159\u00edtomnosti orgonitu se projevuje zm\u011bna v n\u00e1lad\u00e1ch lid\u00ed. Nast\u00e1v\u00e1 v\u011bt\u0161\u00ed uvoln\u011bn\u00ed a radostn\u011bj\u0161\u00ed n\u00e1lada; harmonizace. Orgonit v\u0161eobecn\u011b zlep\u0161uje a uklid\u0148uje atmosf\u00e9ru doma i v dal\u0161\u00edch soci\u00e1ln\u00edch prostor\u00e1ch v\u0161eho druhu. Princip fungov\u00e1n\u00ed je stejn\u00fd jako v uveden\u00fdch p\u0159edchoz\u00edch bodech: orgonit neutralizuje negativn\u00ed charakter p\u016fvodn\u00edch otisk\u016f pol\u00ed ze star\u00fdch ud\u00e1lost\u00ed, mnohalet\u00fdch n\u00e1nos\u016f konflikt\u016f, lok\u00e1ln\u00edch trag\u00e9di\u00ed, star\u00fdch poh\u0159ebi\u0161\u0165, ale i n\u00edzk\u00fdch a destruktivn\u00edch vyza\u0159ov\u00e1n\u00ed n\u011bkter\u00fdch lid\u00ed v sou\u010dasnosti. V kancel\u00e1\u0159i podporuje otev\u0159enost, kladn\u00e9 jedn\u00e1n\u00ed ve smyslu tolerance a dobr\u00fdch mezilidsk\u00fdch vztah\u016f. Prohlubuje intenzitu a hloubku vztahu k bli\u017en\u00edm; spole\u010dn\u00e9 sd\u00edlen\u00ed pro\u017eitk\u016f a emoc\u00ed. V\u0161emu kladn\u00e9mu vytv\u00e1\u0159\u00ed jakoby stabiln\u011bj\u0161\u00ed z\u00e1kladnu a odrazov\u00fd m\u016fstek pln\u00fd \u017eiv\u00e9ho a z\u00e1\u0159iv\u00e9ho potenci\u00e1lu.&nbsp;<\/p>\n<p><span style=\"color: #0000ff;\"><em><strong>Podporuje meditace, rozj\u00edm\u00e1n\u00ed, r\u016fzn\u00e9 terapie<\/strong><\/em><\/span><br \/>\nPro\u010di\u0161t\u011bn\u00e1 atmosf\u00e9ra a p\u0159\u00edtomn\u00e9 energie jisk\u0159iv\u00e9 zdrav\u00e9 pr\u00e1ny p\u016fsob\u00ed blahod\u00e1rn\u011b na somatick\u00fdch i ostatn\u00edch \u00farovn\u00edch. Proto i my\u0161lenkov\u00e9 pochody jsou v kladn\u00e9m a konstruktivn\u00edm smyslu podporov\u00e1ny. Rozd\u00edl je brzy znateln\u00fd s um\u00edst\u011bn\u00edm orgonitu do bl\u00edzkosti mas\u00e9rsk\u00e9ho \u010di jin\u00e9ho l\u016f\u017eka, kde se prov\u00e1d\u00ed l\u00e9\u010div\u00e9 terapie, pr\u00e1ce s energiemi nebo mysl\u00ed.<\/p>\n","protected":false},"excerpt":{"rendered":"<p>&nbsp;<\/p>\n<ul>\n<li>Orgonitov\u00fd p\u0159\u00edv\u011bsek chr\u00e1n\u00ed majitele<\/li>\n<li>Orgonit obsahuje: l\u00e1pis lazuli <a href=\"https:\/\/kamenovo.cz\/index.php\/2018\/03\/08\/lapis-lazuri\/\"><span style=\"color: #ff0000;\"><strong>ZDE<\/strong><\/span><\/a>, \u010dern\u00fd turmal\u00edn <a href=\"https:\/\/kamenovo.cz\/index.php\/2018\/07\/07\/turmalin\/#more-1680\"><span style=\"color: #ff0000;\"><strong>ZDE<\/strong><\/span><\/a>, \u010desk\u00e9 gran\u00e1ty <a href=\"https:\/\/kamenovo.cz\/index.php\/2019\/11\/05\/granat\/#more-3628\"><span style=\"color: #ff0000;\"><strong>ZDE<\/strong><\/span><\/a><\/li>\n<li>Je st\u00e1le nabl\u00edzku(ochrana p\u0159ed mobilem)<\/li>\n<li>vyrob\u00edme na m\u00edru<\/li>\n<\/ul>\n<p>&nbsp;<\/p>\n","protected":false},"featured_media":4557,"comment_status":"open","ping_status":"closed","template":"","meta":{"ngg_post_thumbnail":0,"jetpack_post_was_ever_published":false,"_joinchat":[],"jetpack_publicize_message":"","jetpack_publicize_feature_enabled":true,"jetpack_social_post_already_shared":true,"jetpack_social_options":{"image_generator_settings":{"template":"highway","enabled":false},"version":2}},"product_cat":[40],"product_tag":[],"class_list":{"0":"post-2038","1":"product","2":"type-product","3":"status-publish","4":"has-post-thumbnail","6":"product_cat-orgonity","8":"first","9":"outofstock","10":"shipping-taxable","11":"purchasable","12":"product-type-simple"},"jetpack_publicize_connections":[],"jetpack_likes_enabled":true,"jetpack-related-posts":[],"jetpack_sharing_enabled":true,"_links":{"self":[{"href":"https:\/\/kamenovo.cz\/index.php\/wp-json\/wp\/v2\/product\/2038","targetHints":{"allow":["GET"]}}],"collection":[{"href":"https:\/\/kamenovo.cz\/index.php\/wp-json\/wp\/v2\/product"}],"about":[{"href":"https:\/\/kamenovo.cz\/index.php\/wp-json\/wp\/v2\/types\/product"}],"replies":[{"embeddable":true,"href":"https:\/\/kamenovo.cz\/index.php\/wp-json\/wp\/v2\/comments?post=2038"}],"wp:featuredmedia":[{"embeddable":true,"href":"https:\/\/kamenovo.cz\/index.php\/wp-json\/wp\/v2\/media\/4557"}],"wp:attachment":[{"href":"https:\/\/kamenovo.cz\/index.php\/wp-json\/wp\/v2\/media?parent=2038"}],"wp:term":[{"taxonomy":"product_cat","embeddable":true,"href":"https:\/\/kamenovo.cz\/index.php\/wp-json\/wp\/v2\/product_cat?post=2038"},{"taxonomy":"product_tag","embeddable":true,"href":"https:\/\/kamenovo.cz\/index.php\/wp-json\/wp\/v2\/product_tag?post=2038"}],"curies":[{"name":"wp","href":"https:\/\/api.w.org\/{rel}","templated":true}]}}