{"id":1699,"date":"2018-07-07T11:06:11","date_gmt":"2018-07-07T11:06:11","guid":{"rendered":"https:\/\/kamenovo.cz\/?post_type=product&#038;p=1699"},"modified":"2019-11-26T21:10:07","modified_gmt":"2019-11-26T21:10:07","slug":"pyritova-druza-2","status":"publish","type":"product","link":"https:\/\/kamenovo.cz\/index.php\/produkt\/pyritova-druza-2\/","title":{"rendered":"Pyritov\u00e1 dr\u016fza extra"},"content":{"rendered":"<p><strong>Barva: <\/strong>Zlat\u00e1 nebo hn\u011bdav\u00e1<\/p>\n<p><strong>Vzhled: <\/strong>Kovov\u00fd, n\u011bkdy krychlov\u00e9 krystaly, st\u0159edn\u00ed velikost<\/p>\n<p><strong>Vlastnosti: <\/strong>\u017delezn\u00fd pyrit p\u0159edstavuje vynikaj\u00edc\u00ed energetick\u00fd \u0161t\u00edt. Blokuje negativn\u00ed energii a zne\u010di\u0161t\u011bn\u00ed na v\u0161ech \u00farovn\u00edch v\u010detn\u011b infek\u010dn\u00edch nemoc\u00ed. Pokud jej budete nosit na krku, ochr\u00e1n\u00ed vy\u0161\u0161\u00ed i fyzick\u00e9 t\u011blo od nich\u017e odkl\u00e1n\u00ed \u00farazy a nebezpe\u010d\u00ed.<\/p>\n<p>Vlastnosti kamene <a href=\"https:\/\/kamenovo.cz\/index.php\/2018\/07\/07\/pyrit\/\">ZDE<\/a><\/p>\n","protected":false},"excerpt":{"rendered":"<ul>\n<li>Odvykac\u00ed k\u016fry<\/li>\n<li>rekonvalescence<\/li>\n<li>k\u00e1men hojnosti<\/li>\n<li>zem\u011b p\u016fvodu Madagaskar<\/li>\n<\/ul>\n","protected":false},"featured_media":1697,"comment_status":"open","ping_status":"closed","template":"","meta":{"ngg_post_thumbnail":0,"jetpack_post_was_ever_published":false,"_joinchat":[],"jetpack_publicize_message":"","jetpack_publicize_feature_enabled":true,"jetpack_social_post_already_shared":true,"jetpack_social_options":{"image_generator_settings":{"template":"highway","enabled":false},"version":2}},"product_cat":[49],"product_tag":[],"class_list":{"0":"post-1699","1":"product","2":"type-product","3":"status-publish","4":"has-post-thumbnail","6":"product_cat-pyrit","8":"first","9":"instock","10":"shipping-taxable","11":"purchasable","12":"product-type-simple"},"jetpack_publicize_connections":[],"jetpack_likes_enabled":true,"jetpack-related-posts":[],"jetpack_sharing_enabled":true,"_links":{"self":[{"href":"https:\/\/kamenovo.cz\/index.php\/wp-json\/wp\/v2\/product\/1699","targetHints":{"allow":["GET"]}}],"collection":[{"href":"https:\/\/kamenovo.cz\/index.php\/wp-json\/wp\/v2\/product"}],"about":[{"href":"https:\/\/kamenovo.cz\/index.php\/wp-json\/wp\/v2\/types\/product"}],"replies":[{"embeddable":true,"href":"https:\/\/kamenovo.cz\/index.php\/wp-json\/wp\/v2\/comments?post=1699"}],"wp:featuredmedia":[{"embeddable":true,"href":"https:\/\/kamenovo.cz\/index.php\/wp-json\/wp\/v2\/media\/1697"}],"wp:attachment":[{"href":"https:\/\/kamenovo.cz\/index.php\/wp-json\/wp\/v2\/media?parent=1699"}],"wp:term":[{"taxonomy":"product_cat","embeddable":true,"href":"https:\/\/kamenovo.cz\/index.php\/wp-json\/wp\/v2\/product_cat?post=1699"},{"taxonomy":"product_tag","embeddable":true,"href":"https:\/\/kamenovo.cz\/index.php\/wp-json\/wp\/v2\/product_tag?post=1699"}],"curies":[{"name":"wp","href":"https:\/\/api.w.org\/{rel}","templated":true}]}}