{"id":1574,"date":"2018-06-08T19:38:45","date_gmt":"2018-06-08T19:38:45","guid":{"rendered":"https:\/\/kamenovo.cz\/?post_type=product&#038;p=1574"},"modified":"2022-07-26T14:12:10","modified_gmt":"2022-07-26T14:12:10","slug":"charoite-naramek-extra","status":"publish","type":"product","link":"https:\/\/kamenovo.cz\/index.php\/produkt\/charoite-naramek-extra\/","title":{"rendered":"Charoite n\u00e1ramek extra"},"content":{"rendered":"<p><strong>Vlastnosti:<\/strong> Charoit je k\u00e1men prom\u011bny. Jedn\u00e1 se o krystal ovl\u00e1daj\u00edc\u00ed du\u0161i, kter\u00fd napom\u00e1h\u00e1 p\u0159ekon\u00e1vat strach. Podn\u011bcuje vnit\u0159n\u00ed vid\u011bn\u00ed a duchovn\u00ed vhled a napom\u00e1h\u00e1 vyrovnat se s mimo\u0159\u00e1dn\u00fdmi zm\u011bnami na duchovn\u00ed \u00farovni. Aby to dok\u00e1zal, probouz\u00ed k \u017eivotu <strong>srde\u010dn\u00ed<\/strong> a <strong>korunn\u00ed \u010dakru, pro\u010di\u0161\u0165uje auru <\/strong>a probouz\u00ed v lidech bezv\u00fdhradnou l\u00e1sku. Charoit napom\u00e1h\u00e1 zm\u011bn\u00e1m vibrac\u00ed a spojuje sv\u00e9ho nositele s vy\u0161\u0161\u00ed realitou. Sou\u010dasn\u011b m\u00e1 obrovskou hojivou moc na t\u011blesnou i citovou rovinu osobnosti. Pom\u016f\u017ee sv\u00e9mu majiteli, aby pr\u00e1v\u011b p\u0159\u00edtomnou chv\u00edli p\u0159ijal jako tu nejlep\u0161\u00ed mo\u017enou.<\/p>\n<p>Vlastnosti kamene: <a href=\"https:\/\/kamenovo.cz\/index.php\/2018\/01\/29\/charoit\/\">ZDE<\/a><\/p>\n","protected":false},"excerpt":{"rendered":"<p>Vlastnosti: Charoit je k\u00e1men prom\u011bny. Jedn\u00e1 se o krystal ovl\u00e1daj\u00edc\u00ed du\u0161i, kter\u00fd napom\u00e1h\u00e1 p\u0159ekon\u00e1vat strach. Podn\u011bcuje vnit\u0159n\u00ed vid\u011bn\u00ed a duchovn\u00ed vhled a napom\u00e1h\u00e1 vyrovnat se s mimo\u0159\u00e1dn\u00fdmi zm\u011bnami na duchovn\u00ed \u00farovni. Aby to dok\u00e1zal, probouz\u00ed k \u017eivotu srde\u010dn\u00ed a korunn\u00ed \u010dakru, pro\u010di\u0161\u0165uje auru a probouz\u00ed v lidech bezv\u00fdhradnou l\u00e1sku. Charoit napom\u00e1h\u00e1 zm\u011bn\u00e1m vibrac\u00ed a spojuje [&hellip;]<\/p>\n","protected":false},"featured_media":1568,"comment_status":"open","ping_status":"closed","template":"","meta":{"ngg_post_thumbnail":0,"jetpack_post_was_ever_published":false,"_joinchat":[],"jetpack_publicize_message":"","jetpack_publicize_feature_enabled":true,"jetpack_social_post_already_shared":true,"jetpack_social_options":{"image_generator_settings":{"template":"highway","enabled":false},"version":2}},"product_cat":[41],"product_tag":[],"class_list":{"0":"post-1574","1":"product","2":"type-product","3":"status-publish","4":"has-post-thumbnail","6":"product_cat-naramky","8":"first","9":"instock","10":"sale","11":"shipping-taxable","12":"purchasable","13":"product-type-simple"},"jetpack_publicize_connections":[],"jetpack_likes_enabled":true,"jetpack-related-posts":[],"jetpack_sharing_enabled":true,"_links":{"self":[{"href":"https:\/\/kamenovo.cz\/index.php\/wp-json\/wp\/v2\/product\/1574","targetHints":{"allow":["GET"]}}],"collection":[{"href":"https:\/\/kamenovo.cz\/index.php\/wp-json\/wp\/v2\/product"}],"about":[{"href":"https:\/\/kamenovo.cz\/index.php\/wp-json\/wp\/v2\/types\/product"}],"replies":[{"embeddable":true,"href":"https:\/\/kamenovo.cz\/index.php\/wp-json\/wp\/v2\/comments?post=1574"}],"wp:featuredmedia":[{"embeddable":true,"href":"https:\/\/kamenovo.cz\/index.php\/wp-json\/wp\/v2\/media\/1568"}],"wp:attachment":[{"href":"https:\/\/kamenovo.cz\/index.php\/wp-json\/wp\/v2\/media?parent=1574"}],"wp:term":[{"taxonomy":"product_cat","embeddable":true,"href":"https:\/\/kamenovo.cz\/index.php\/wp-json\/wp\/v2\/product_cat?post=1574"},{"taxonomy":"product_tag","embeddable":true,"href":"https:\/\/kamenovo.cz\/index.php\/wp-json\/wp\/v2\/product_tag?post=1574"}],"curies":[{"name":"wp","href":"https:\/\/api.w.org\/{rel}","templated":true}]}}

Charoite náramek extra

<p><strong>Vlastnosti:</strong> Charoit je kámen proměny. Jedná se o krystal ovládající duši, který napomáhá překonávat strach. Podněcuje vnitřní vidění a duchovní vhled a napomáhá vyrovnat se s mimořádnými změnami na duchovní úrovni. Aby to dokázal, probouzí k životu <strong>srdeční</strong> a <strong>korunní čakru, pročišťuje auru </strong>a probouzí v lidech bezvýhradnou lásku. Charoit napomáhá změnám vibrací a spojuje svého nositele s vyšší realitou. Současně má obrovskou hojivou moc na tělesnou i citovou rovinu osobnosti. Pomůže svému majiteli, aby právě přítomnou chvíli přijal jako tu nejlepší možnou.</p>
<p>Vlastnosti kamene: <a href="https://kamenovo.cz/index.php/2018/01/29/charoit/">ZDE</a></p>

<p>Vlastnosti: Charoit je kámen proměny. Jedná se o krystal ovládající duši, který napomáhá překonávat strach. Podněcuje vnitřní vidění a duchovní vhled a napomáhá vyrovnat se s mimořádnými změnami na duchovní úrovni. Aby to dokázal, probouzí k životu srdeční a korunní čakru, pročišťuje auru a probouzí v lidech bezvýhradnou lásku. Charoit napomáhá změnám vibrací a spojuje [&hellip;]</p>
